ppose 2*s - 2*z + 0*z = r, -5*z = -2*s + 57. What is the tens digit of s?
1
Let w be 2/11 + 1656/88. Let o be (w/(-1))/((-2)/8). Suppose 3*z = -4*r - 2*z + o, 2*r - 2*z = 56. What is the units digit of r?
4
Let c = 11 + -4. Suppose 0 = -19*v + c*v + 1872. What is the tens digit of v?
5
Let v(r) = -7*r + 8. Let a be v(-10). Suppose 0 = 3*j - 2*t - 106 - a, -2*j = 5*t - 91. What is the tens digit of j?
5
Suppose 4*m + 3 - 15 = 0. Suppose 2*r = -5*t + 200 + 107, -3*t + 152 = r. Suppose 4*v + 4*g - m*g = r, -3*g = -5*v + 180. What is the units digit of v?
9
Let k be 1/3 + (-860)/(-3). Let h = 141 - k. What is the units digit of 3 + 1*h/(-2)?
6
Let p(o) = -2*o**3 + 3*o**2 + 2*o + 4. Let v be p(4). Let x = v - -108. Let t = -12 + x. What is the tens digit of t?
2
Let j(a) = a**3 + 9*a**2 + 2*a + 10. Let x be j(-9). What is the hundreds digit of (-838)/x + 13/52?
1
Let v = -35 - -29. What is the tens digit of 1/(v/(-4))*(-513)/(-6)?
5
Suppose 11*j + 8*j = 29830. What is the hundreds digit of j?
5
Let o be ((-2)/2)/((-10)/50). Suppose o*w - 30 = 2*w - 5*x, -4*w - x + 23 = 0. What is the units digit of w?
5
Suppose 375*h + 1512 = 379*h. What is the tens digit of h?
7
Suppose -2*x + 16*j + 10756 = 14*j, 0 = -3*x + 5*j + 16132. What is the units digit of x?
9
Suppose q + 5 = 2. Let a = q - -3. What is the tens digit of (2 + 23 - a)*1?
2
Suppose 0*a + 858 = 11*a. Suppose 0*j - 2*j = -q - 5, 11 = 4*j - 3*q. Suppose 0 = -j*s - s + a. What is the tens digit of s?
2
Suppose -5*p + 0 = -10, 2*q = 4*p. What is the tens digit of (6/9)/(q/174)?
2
Let m(y) = 462*y**2 - y - 5. What is the thousands digit of m(-2)?
1
Let m(y) = -101*y + 232. What is the thousands digit of m(-12)?
1
Suppose 46*u - 42*u - 5*c - 26497 = 0, -2*c = -3*u + 19871. What is the hundreds digit of u?
6
Let v(y) = y**3 - 9*y**2 - 13*y + 14. Let t be (-96)/(-9) - 8/12. Let d be v(t). Let p = d + 30. What is the tens digit of p?
1
Suppose 4*s = 3*s + 160. Suppose 560 - s = 2*x. What is the units digit of x?
0
Suppose -x = -5*f + 43, 2*f + 3*x - 14 = 5*x. Let i = f + -3. Suppose k + 130 = i*k. What is the tens digit of k?
2
Let q(t) = -t**3. Let f(s) = s**3 + s**2 + 3*s - 1. Let d(a) = f(a) + 2*q(a). What is the units digit of d(-4)?
7
Suppose 21 + 3 = 4*y. Let q(n) = n**3 - 7*n**2 + 5*n - 2. Let m be q(y). What is the tens digit of ((-46)/m)/((-1)/(-4))?
2
Let z(t) = 42*t**2 - 13*t - 11. What is the thousands digit of z(6)?
1
Let f(a) = 8*a + a**3 - 20*a + 2*a**2 - 18 + 8 + 8*a**2. What is the units digit of f(-9)?
9
Let u = 92 - 140. Let h = 53 - u. What is the units digit of h?
1
Let p = 10 + -14. Let a be ((-18)/15)/(p/10). Suppose -2*r - 9 = -5*v, -4*r = 5*v - 3*r - a. What is the units digit of v?
1
Suppose -j + 8*i = 10*i - 523, 5*j - 4*i - 2559 = 0. What is the units digit of j?
5
Let i(m) = -m**2 - 7*m - 8. Let p be i(-4). Suppose -p*y = 2*l - 98, -y - 3*y + 20 = 0. What is the tens digit of l?
3
Suppose -2*p - 3*t = -9, -p + 2*t = 6*t - 17. Let o be 47 + (-1 - 0)/(-1). What is the tens digit of 1216/o*p/(-2)?
3
Suppose 0 = -4*u - 0*u + 408. Suppose 0 = 7*l - 10*l + u. Let n = -21 + l. What is the units digit of n?
3
Suppose -12*j + 3689 = 509. What is the units digit of j?
5
Let j be 69/12 + (-6)/8. Suppose j*l = 2*l. Suppose l = 5*o - 3*d - 38, 0 = -2*o - 3*o + 5*d + 30. What is the units digit of o?
0
Suppose v + 12*f - 7*f = 2564, 0 = -4*v - 3*f + 10290. What is the hundreds digit of v?
5
Let g = 48 + -143. Let h = g - -170. What is the tens digit of h?
7
Let s = -346 - -613. What is the hundreds digit of s?
2
Let m = 9 - 12. Let g be 1/3*(9 + m). Suppose 4*r + 3*n - 116 = 0, 3*r = -g*r + n + 145. What is the units digit of r?
9
Suppose -9*f + 37174 = 7744. What is the tens digit of f?
7
Suppose 0 = -2*z - 3*y + 9, 0 = 2*z - z + y - 4. Suppose 0 = 7*m - 2*m, -2*t - 3*m = -108. Suppose -g + z*g = t. What is the units digit of g?
7
Let m(g) = -g**2 - 3*g + 2. Let p be m(-2). Suppose 5*d + p*o - 90 = 0, -2*o = -4*d + 3*o + 31. What is the units digit of d/6*3/1?
7
Let k(j) = 547*j + 2. Let l be k(-2). What is the units digit of (40/(-12) - -2)/(8/l)?
2
Let p(n) = n**2 + 4*n + 12. Let b be p(-3). Let y(d) = -d - 8. Let g be y(0). Let v = g + b. What is the units digit of v?
1
Suppose 626 = 8*t + 226. What is the tens digit of t?
5
Suppose 4*o = -2*l + 150, 4*o - 20 = -0*o. What is the units digit of l?
5
Suppose 10*o = -4788 + 13008. What is the tens digit of o?
2
What is the units digit of 118/1593 + (-24836)/(-54)?
0
Suppose 0 = t + 5*z - 2*z - 14, -3*t + z + 2 = 0. Let d be (0 - -2) + 0 + t. Suppose 0 = -5*m + p + 130, -d*m - 3*p = -124 + 39. What is the units digit of m?
5
Let a(z) = -15*z + 72. Let i be a(7). Suppose q - 12 = -69. Let v = i - q. What is the units digit of v?
4
Suppose 3*q = -s - 4, -q = -0*s + s + 4. Suppose q = 5*b - 3*b - 2*k - 100, 5*b + 4*k - 241 = 0. What is the tens digit of b?
4
Suppose -w + 2702 = -4*z - 1357, -4*w = 5*z - 16131. What is the thousands digit of w?
4
Suppose -1590 = -3*o + 2*x, -o - 2*o = x - 1581. What is the units digit of o?
8
What is the tens digit of (55 - 47)/((-8)/(-4406))?
0
Suppose v + 5*h - 9 = 0, 4*v - 2 - 11 = 3*h. Suppose v*w = 2*l - 8, 5 + 11 = 4*l. Suppose w = 5*g - 220 + 50. What is the units digit of g?
4
Let l = 935 + -663. What is the units digit of l?
2
Suppose 0 = -2*z + 5*w - 7, 5*w = -0*w + 5. Let h be 25/(-15)*(-22 - z). Let q = h - 13. What is the tens digit of q?
2
Suppose 9*s - 5*s = 2220. What is the units digit of s?
5
Let d be 166*2/8*2. Suppose 2*t - 2*i + 171 = -3*t, 3*t + 99 = 3*i. Let y = d + t. What is the tens digit of y?
4
Let o be (2/(-6)*0)/(-2). Suppose o*t - 90 = -2*t. What is the tens digit of t?
4
Suppose p = 4, 3*h = -4*p + 15 + 25. Suppose -f - 6 = -h. Suppose -f*i - 78 = -5*i. What is the tens digit of i?
2
Let p(s) = 3*s - 9. Let y be p(5). Let j = 18 - y. What is the units digit of j?
2
Suppose m + 3*p + 4 = 4*p, -2*m - 5*p + 6 = 0. What is the hundreds digit of ((-296)/(-6) - m)*36/14?
1
Let j(u) = 5*u + 127. Suppose 0 = -9*k - k. What is the units digit of j(k)?
7
Suppose -4*i + 3*j + 1884 = 0, 186 = 5*i - 2*j - 2162. Let l be 2/9 + i/81. What is the units digit of 182/4 + 3/l?
6
Suppose 3*t = 66 + 51. Let r(d) = -2*d - 47. Let o be r(-26). Suppose -t = -o*f + 16. What is the units digit of f?
1
Let u = 65 + 147. What is the units digit of u/12 + (-1)/(-3)?
8
Suppose -4*b + 139 = 4*k - 53, -3*k = 2*b - 145. Let y = k - 18. What is the tens digit of y?
3
Let c(r) = r**2 - r + 5. Let f be c(0). Suppose 2*d = -f*y + y + 116, 3*d = -5*y + 146. What is the units digit of y?
8
Let r = 405 + -85. What is the hundreds digit of r?
3
Suppose -7*t = -t - 126. What is the tens digit of (-200)/((-15)/t + (-6)/21)?
0
Let f be 7/(-21) + 831/9. Suppose 5*t - 608 - f = 0. What is the units digit of t?
0
Let i = 42 + -42. Suppose i = -2*m + 131 + 15. What is the units digit of m?
3
Let i be 28/7*2/4. Suppose 2*m - i*n = n + 95, 3*m - 3*n - 135 = 0. Suppose -6*y - m = -352. What is the tens digit of y?
5
Let l = -385 - -228. Let j be -3 - -2 - l - 1. Suppose -j = -4*g - g. What is the units digit of g?
1
Let j(l) = -l**2 + 48*l - 4. What is the tens digit of j(34)?
7
Let i(n) = -9*n**2 + 19*n**2 - 6*n + 5*n. What is the units digit of i(-1)?
1
Let k be 8/(-40) - 41/(-5). Suppose 4*o = -16 - k. What is the units digit of 39 - o/3 - -3?
4
Let z(p) be the second derivative of -1/20*p**5 - 1/6*p**3 - 1/4*p**4 - 5/2*p**2 - 5*p + 0. What is the units digit of z(-4)?
5
Let z = -1 - -9. Suppose -7*l + z*l - 32 = 0. What is the tens digit of l?
3
What is the hundreds digit of -4 + (406 - 2) - -2?
4
Suppose -2*x = -2, 95*x = -5*z + 97*x + 5383. What is the hundreds digit of z?
0
Let x = -130 + 135. Suppose -561 = 2*h - x*h. What is the tens digit of h?
8
Let s = 71 - 76. Let z(y) = 4*y**2 + 3*y - 11. What is the units digit of z(s)?
4
Let l(o) = o**2 + 9*o + 6. Let d(g) = -g - 21. Let w be d(-12). What is the units digit of l(w)?
6
Suppose -691 = -23*a + 45. What is the units digit of a?
2
What is the tens digit of 7948/10 - 7/(-35)?
9
Let m be -3*2 + -2 + 2. Let f be 8/5 + m/(-15). Suppose -198 = -4*l - f*l. What is the units digit of l?
3
Let t be (-5 + 0/(-4))*-1. Suppose 3*d + c - 120 = 73, -2*d = -t*c - 157. What 